 -24*b + 21*b = -843. Let m = b - 187. Suppose 5*o + 4*l = 110, 0 = 4*o - 3*l + 5*l - m. What are the prime factors of o?
2, 13
Let t(n) = 3*n**2 - 34*n + 25. Let p(f) = 2*f**2 - 17*f + 12. Suppose 0 = g + 3*g + 20. Let z(k) = g*p(k) + 3*t(k). What are the prime factors of z(-14)?
3, 19
Suppose d = 3*w + 32 - 12, -2*d - 15 = 5*w. Let i(v) = v**3 - 15*v**2 + 13*v + 30. Let j be i(14). Let r = j + d. List the prime factors of r.
3, 7
Let i(a) = 5*a**2 - 4*a. Suppose -5*b + 4 = 19. What are the prime factors of i(b)?
3, 19
Suppose 2*z - 9 = -z. Suppose -21 = -4*d + 5*q, 2*q - 21 = -z*d + 12. What are the prime factors of 6/(-27) - (-119)/d?
13
Let l(d) = -340*d. Let z be l(-1). Suppose -2*s = 2*b - z, -2*b + 4*s = -7*b + 847. What are the prime factors of b?
167
Let z be ((-21)/(-6))/(-7)*-2 + -3. List the prime factors of (-188)/(-2) + z + 3.
5, 19
Let o = 16 + -15. Let c be 3 + (-3 - 19/o). Let m = -5 - c. List the prime factors of m.
2, 7
Let q(t) = 45*t + 4. Let y be q(3). Suppose -4*r = -2*x + 192, -x = -0*r + 3*r + y. Let h = -21 - r. List the prime factors of h.
2, 13
Let a be (-12)/(-8)*2 - 3. Suppose -5*v + 55 = 3*o, 5*v + 2*o + a*o = 55. Suppose -2*l + 3 + v = 0. List the prime factors of l.
7
Let b = -7 - -23. Let q be 810/26 + (-2)/13. Let k = b + q. List the prime factors of k.
47
Let u = -1138 + 2151. What are the prime factors of u?
1013
Suppose -10*w + 5203 = -937. What are the prime factors of w?
2, 307
Suppose 6*l - 1374 = 3*l + 3*k, -449 = -l + 4*k. List the prime factors of l.
461
Let a = 11 - 11. Suppose a = 5*l - o - 1343, -6*l = -3*l + 2*o - 798. Suppose 4*b + 8 = 0, 6*c - c - 4*b - l = 0. What are the prime factors of c?
2, 13
Suppose -2*g - g + c = -161, 2*c + 114 = 2*g. Let b = 95 - 16. Let h = b - g. What are the prime factors of h?
3
List the prime factors of ((-2376)/21)/((-1)/7).
2, 3, 11
Let z be -3 + 0 + -1 + -12. Let g(w) = w**3 + 15*w**2 - 22*w - 6. List the prime factors of g(z).
2, 3, 5
Let i(x) = x**3 - 12*x**2 - 12*x + 3. Let a be 3/18 + (-154)/(-12). List the prime factors of i(a).
2
Suppose 24192 = 57*c - 9*c. What are the prime factors of c?
2, 3, 7
Suppose 3*x - 508 = 2*h, 2*x + 3*h - 236 = 107. List the prime factors of x.
2, 5, 17
Let r(q) = 2*q**2 - 17*q - 9. Let m be r(9). Suppose -a - 2 = -2*a. What are the prime factors of 21 + 3 + (m - a)?
2, 11
Let z be (-179 - -2)*2/12*-2. Let o = z - 36. List the prime factors of o.
23
Suppose y = -x + 2320 - 475, 3*x - 5559 = 5*y. List the prime factors of x.
2, 3, 7, 11
Suppose 800 + 476 = 2*w. List the prime factors of w.
2, 11, 29
Let y(a) be the second derivative of a**4/12 + 4*a**3/3 + 19*a**2/2 - 27*a. What are the prime factors of y(-14)?
103
Let z(m) = 5*m - 8. Let q be z(4). Let w be 7 + 2*q/(-8). Suppose 0 = -3*n - 2*h + 12 + 44, -h + w = 0. List the prime factors of n.
2
Let p(x) = -4*x - x**2 + 8*x - 4*x**2 + 6 + 6*x**2. What are the prime factors of p(-11)?
83
Let g(c) = -c**3 + 8*c**2 + 2*c + 4. Let x(q) = q**3 - 15*q**2 - 3*q - 7. Let r(v) = 11*g(v) + 6*x(v). What are the prime factors of r(-4)?
2, 137
Suppose -2*y + 278 = -0*y. Let q = y + -74. List the prime factors of q.
5, 13
Let i(y) = 15*y**2 - 9*y + 58. What are the prime factors of i(-8)?
2, 5, 109
Let q(p) be the second derivative of p**5/20 - 3*p**4/2 - 3*p**3 + 21*p**2/2 + 23*p. List the prime factors of q(19).
2, 5
Suppose 0 = 4*n - 150 - 274. Let i = 22 + n. Suppose 4*d - 176 = -4*r, 3*d + 3*r = -r + i. What are the prime factors of d?
2, 3
Let y = 61 - -507. What are the prime factors of y?
2, 71
Let b be (-1)/(-2)*(1 - 111). Let d be 0 - (1 + 81/1). Let s = b - d. List the prime factors of s.
3
Suppose -14 = -7*j + 9*j. Let r(h) = -h**2 - 7*h - 2. Let m be r(j). What are the prime factors of (m - 2 - -7) + 52?
5, 11
Let x = 13 + -12. Suppose -11 = -2*s + x. List the prime factors of 117/s + 1/(-2).
19
Suppose 4*s - 120 = -4*t + 2*s, -4*s - 108 = -4*t. Suppose 0*p - 80 = 5*p. Let k = t + p. List the prime factors of k.
13
Suppose 22 - 4 = 9*d. What are the prime factors of d/4 + 31/2?
2
Suppose 23 = 2*f - 165. Let b = f - 60. List the prime factors of b.
2, 17
Let u(j) = j**3 + 5*j**2 + 7*j + 6. Let v be u(-5). Let f be (0 - -3 - v) + -3. Let c = f + -14. What are the prime factors of c?
3, 5
Suppose -r - 2 = -2*m + 1, -6 = -2*r. Suppose -2*x = -m*x + 40. What are the prime factors of x?
2, 5
Let k(j) = 15*j - 2. Let w = -23 + 31. Suppose -8 - w = -4*o. What are the prime factors of k(o)?
2, 29
Suppose 18*i + 4*g + 13974 = 21*i, 0 = -2*i - 4*g + 9296. What are the prime factors of i?
2, 13, 179
Let l(v) = v**3 + 2*v**2 - v - 1. Let n be l(-2). What are the prime factors of (-45934)/(-255) + 2/(-15)*n?
2, 3, 5
Let y = 80 + -71. List the prime factors of (186/y)/(4/12).
2, 31
Let w = -24 + 24. Suppose 2*c + 2*c + 132 = w. List the prime factors of (-7)/(-4 - c/9).
3, 7
Let y(b) = -4*b - 22. Let j be (-26)/(9/(45/10)). What are the prime factors of y(j)?
2, 3, 5
Let s = 903 - 682. What are the prime factors of s?
13, 17
Suppose -3*m - 5*h + 49 = 0, 4*m - 8*m - 5*h = -62. Let b be (-5)/10*0*(-3)/6. Let i = m - b. List the prime factors of i.
13
Suppose -5*b + 17 = -4*q + 2*q, 3*b - 13 = 4*q. Suppose -5*i + 114 = -b*h + h, 4*h - 2*i + 212 = 0. What are the prime factors of h*6/(72/(-15))?
5, 13
Let v be ((-4)/(-2) + 1)*376/6. Let g = 68 + v. What are the prime factors of g?
2
Suppose -7 = -2*t + 65. Let k be (-45)/t*(-4 - 0). Suppose -k*g + 52 = 2*n, 0*n = -3*n + g + 112. What are the prime factors of n?
2, 3
Let v(x) = 5 - 1 + 6*x - 20*x - 5*x. Let m be (2 + -3)/(1/2). List the prime factors of v(m).
2, 3, 7
List the prime factors of (-10)/4 - (1277/2)/(-1).
2, 3, 53
Let y = 1325 - -856. What are the prime factors of y?
3, 727
Suppose 0 = -3*v + 4005 + 2736. Suppose -236 = -13*q + v. List the prime factors of q.
191
Let n be ((-12)/(-15))/((-2)/(-5)). Let i(r) = 2*r + 26*r**n + 4*r + 6*r**2 - 5*r. What are the prime factors of i(1)?
3, 11
Suppose -j = 6 - 6. Suppose j*t = t + 5, 3*y = 5*t + 175. List the prime factors of y.
2, 5
Suppose 1121 + 3975 = 13*s. List the prime factors of s.
2, 7
Suppose 946 = 2*v + 6*g - 4*g, -3*v = g - 1413. List the prime factors of v.
2, 5, 47
Let q(f) be the second derivative of 119*f**5/20 - f**3/6 + f**2 - 2*f - 14. What are the prime factors of q(1)?
2, 3, 5
Let d = 0 + 0. Suppose -3*q = 4*j - 24, -11*q = -15*q + 16. Suppose 42 = 2*i + 4*w, 2*i + j*i - 5*w - 135 = d. What are the prime factors of i?
5
Suppose 3*o + 5*k - 5311 = 0, 5*o + 23*k = 24*k + 8889. What are the prime factors of o?
1777
Suppose -6*o = -2*o - 8. Suppose 5*r - 57 = 2*c, 3*r - 49 = -o*c - 18. Let i(m) = 4*m + 4. What are the prime factors of i(r)?
2, 3
List the prime factors of (83842/(-1221))/(1 - (-41)/(-39)).
13, 103
Let l be 3*(3 + (-1148)/(-12)). Suppose l = 4*k - 2*k. Suppose 0*y + 4*y = k. List the prime factors of y.
37
Let p(k) = 2*k**2 - 8*k + 3. Let h be 3 + -2*(-6)/(-4). Suppose -i + 5 = -h. List the prime factors of p(i).
13
Let k(g) be the second derivative of 2*g**3/3 + 3*g**2/2 + 9*g. Let y be k(3). Suppose y = -2*r + 3*r. List the prime factors of r.
3, 5
Suppose -v = d - 4, 2*v - 7*v + 20 = -4*d. Let r(h) = -2*h + d*h + 4*h + 3 + 5. List the prime factors of r(0).
2
Let n be 2 + 3*(8/(-3))/4. List the prime factors of -2*(n + (-58)/4)*1.
29
Suppose 2369 = 8*l + 481. List the prime factors of l.
2, 59
List the prime factors of (68850/10)/9 - (-4 + 1).
2, 3
What are the prime factors of 1 + 2289/14 + (-3)/(-6)?
3, 5, 11
Let k(d) = 3*d + 5. Let h be k(-2). Let q be -2*(2 + h) - -6. What are the prime factors of 52 + q/1*-1?
2, 3
Suppose 4*m + 63 = -5*f, 11 = -3*m + 3*f - 16. Let c be -3*(-2 + 20/m). Suppose 224 + c = 5*x. List the prime factors of x.
47
List the prime factors of (-36316)/(-98) - (-12)/28.
7, 53
Suppose 3*h + h = 0. Let f(m) = -2*m + 26. Let p(x) = -4*x + 52. Let b(r) = 7*f(r) - 3*p(r). List the prime factors of b(h).
2, 13
What are the prime factors of (-24)/28*-7 - -3788?
2, 7, 271
Let q = -57 - -116. Let t = q + 1. Suppose 0 = 3*k - t - 6. List the prime factors of k.
2, 11
Let b be (3/4)/((-15)/(-40)). Suppose b*o + 1728 = 14*o. What are the prime factors of o?
2, 3
Suppose 3809 = 8*k - 6287. List the prime factors of k.
2, 631
Let d = 86 + 1